{"id":308,"date":"2020-01-13T11:17:52","date_gmt":"2020-01-13T11:17:52","guid":{"rendered":"https:\/\/demosites.io\/web-agency-gb\/?page_id=5"},"modified":"2022-09-22T09:53:53","modified_gmt":"2022-09-22T12:53:53","slug":"15c42-web-agency-gb-home","status":"publish","type":"page","link":"https:\/\/paradiseguapi.com.br\/","title":{"rendered":"Home"},"content":{"rendered":"\n<div class=\"wp-block-cover alignfull\" style=\"min-height:700px\"><span aria-hidden=\"true\" class=\"has-background-dim-0 wp-block-cover__gradient-background has-background-dim\"><\/span><img decoding=\"async\" loading=\"lazy\" width=\"1280\" height=\"960\" class=\"wp-block-cover__image-background wp-image-372\" alt=\"\" src=\"http:\/\/paradiseguapi.com.br\/wp-content\/uploads\/2022\/05\/Casa-fundo.jpeg\" style=\"object-position:50% 64%\" data-object-fit=\"cover\" data-object-position=\"50% 64%\" srcset=\"https:\/\/paradiseguapi.com.br\/wp-content\/uploads\/2022\/05\/Casa-fundo.jpeg 1280w, https:\/\/paradiseguapi.com.br\/wp-content\/uploads\/2022\/05\/Casa-fundo-300x225.jpeg 300w, https:\/\/paradiseguapi.com.br\/wp-content\/uploads\/2022\/05\/Casa-fundo-1024x768.jpeg 1024w, https:\/\/paradiseguapi.com.br\/wp-content\/uploads\/2022\/05\/Casa-fundo-768x576.jpeg 768w\" sizes=\"(max-width: 1280px) 100vw, 1280px\" \/><div class=\"wp-block-cover__inner-container is-layout-flow wp-block-cover-is-layout-flow\">\n<div style=\"height:80px\" aria-hidden=\"true\" class=\"wp-block-spacer\"><\/div>\n\n\n\n<h1 class=\"has-text-align-center has-text-color wp-block-heading\" style=\"color:#121212\">Paradise Guapimirim<\/h1>\n\n\n\n<div class=\"wp-block-buttons is-horizontal is-content-justification-center is-layout-flex wp-container-1 wp-block-buttons-is-layout-flex\">\n<div class=\"wp-block-button is-style-primary\"><a class=\"wp-block-button__link\" href=\"https:\/\/paradiseguapi.com.br\/index.php\/15c42-web-agency-gb-about-us\/\">EXPLORE<\/a><\/div>\n\n\n\n<div class=\"wp-block-button is-style-secondary\"><a class=\"wp-block-button__link\" href=\"https:\/\/paradiseguapi.com.br\/web-agency-gb-contact-us\/\">CONTATO<\/a><\/div>\n<\/div>\n\n\n\n<blockquote class=\"wp-block-quote\"><p>Natureza exuberante, com paisagens bel\u00edssimas, observa\u00e7\u00e3o de p\u00e1ssaros, banhos de cachoeira e demais infraestrutura para sua experi\u00eancia, apenas 60 KM do Centro do Rio de Janeiro.<\/p><\/blockquote>\n\n\n\n<div style=\"height:80px\" aria-hidden=\"true\" class=\"wp-block-spacer\"><\/div>\n\n\n\n<div style=\"height:80px\" aria-hidden=\"true\" class=\"wp-block-spacer\"><\/div>\n<\/div><\/div>\n\n\n\n<div style=\"height:80px\" aria-hidden=\"true\" class=\"wp-block-spacer\"><\/div>\n\n\n\n<div class=\"wp-block-columns is-layout-flex wp-container-7 wp-block-columns-is-layout-flex\">\n<div class=\"wp-block-column is-layout-flow wp-block-column-is-layout-flow\">\n<div class=\"wp-block-image icon-style is-style-rounded\"><figure class=\"aligncenter size-large\"><img decoding=\"async\" loading=\"lazy\" width=\"72\" height=\"72\" src=\"http:\/\/paradiseguapi.com.br\/wp-content\/uploads\/2020\/01\/neve-webdesign-GB-03.png\" alt=\"\" class=\"wp-image-20\" title=\"\"\/><\/figure><\/div>\n\n\n\n<h3 class=\"has-text-align-center has-neve-text-color-color has-text-color wp-block-heading\">Planeje o seu Evento<\/h3>\n\n\n\n<p class=\"has-text-align-center\">Ajudamos a planjear seu evento para que seja um sucesso.<\/p>\n\n\n\n<div style=\"height:20px\" aria-hidden=\"true\" class=\"wp-block-spacer\"><\/div>\n<\/div>\n\n\n\n<div class=\"wp-block-column is-layout-flow wp-block-column-is-layout-flow\">\n<div class=\"wp-block-image icon-style is-style-rounded\"><figure class=\"aligncenter size-large\"><img decoding=\"async\" src=\"http:\/\/paradiseguapi.com.br\/wp-content\/uploads\/2020\/01\/neve-webdesign-GB-04.png\" alt=\"\" class=\"wp-image-21\"\/><\/figure><\/div>\n\n\n\n<h3 class=\"has-text-align-center has-neve-text-color-color has-text-color wp-block-heading\">Passe um dia agrad\u00e1vel<\/h3>\n\n\n\n<p class=\"has-text-align-center\">Desfrute de nosso lazer e entreterimento para renovar suas energias.<\/p>\n\n\n\n<div style=\"height:20px\" aria-hidden=\"true\" class=\"wp-block-spacer\"><\/div>\n<\/div>\n\n\n\n<div class=\"wp-block-column is-layout-flow wp-block-column-is-layout-flow\">\n<div class=\"wp-block-image is-style-rounded\"><figure class=\"aligncenter size-full\"><img decoding=\"async\" loading=\"lazy\" width=\"72\" height=\"72\" src=\"http:\/\/paradiseguapi.com.br\/wp-content\/uploads\/2020\/01\/neve-webdesign-GB-03.png\" alt=\"Programa\u00e7\u00e3o\" class=\"wp-image-20\"\/><\/figure><\/div>\n\n\n\n<h3 class=\"has-text-align-center wp-block-heading\">Program\u00e7\u00e3o Especial<\/h3>\n\n\n\n<p class=\"has-text-align-center\">Participe de nossa programa\u00e7\u00e3o especial de eventos.<\/p>\n<\/div>\n\n\n\n<div class=\"wp-block-column is-layout-flow wp-block-column-is-layout-flow\">\n<div class=\"wp-block-image icon-style is-style-rounded\"><figure class=\"aligncenter size-large\"><img decoding=\"async\" src=\"http:\/\/paradiseguapi.com.br\/wp-content\/uploads\/2020\/01\/neve-webdesign-GB-01.png\" alt=\"\" class=\"wp-image-18\"\/><\/figure><\/div>\n\n\n\n<h3 class=\"has-text-align-center has-neve-text-color-color has-text-color wp-block-heading\">Use nossa infraestrutura<\/h3>\n\n\n\n<p class=\"has-text-align-center\">Fa\u00e7a suas reuni\u00f5es, treinamentos e confer\u00eancias utilizando nossa infraestrutura.<\/p>\n\n\n\n<div style=\"height:20px\" aria-hidden=\"true\" class=\"wp-block-spacer\"><\/div>\n<\/div>\n<\/div>\n\n\n\n<div style=\"height:80px\" aria-hidden=\"true\" class=\"wp-block-spacer\"><\/div>\n\n\n\n<div class=\"wp-block-cover alignfull\" style=\"min-height:600px\"><span aria-hidden=\"true\" class=\"has-nv-light-bg-background-color has-background-dim-100 wp-block-cover__gradient-background has-background-dim\"><\/span><div class=\"wp-block-cover__inner-container is-layout-flow wp-block-cover-is-layout-flow\">\n<div class=\"wp-block-group is-layout-flow wp-block-group-is-layout-flow\"><div class=\"wp-block-group__inner-container\">\n<div style=\"height:80px\" aria-hidden=\"true\" class=\"wp-block-spacer\"><\/div>\n\n\n\n<div class=\"wp-block-columns are-vertically-aligned-center is-layout-flex wp-container-11 wp-block-columns-is-layout-flex\">\n<div class=\"wp-block-column is-vertically-aligned-center is-layout-flow wp-block-column-is-layout-flow\" style=\"flex-basis:50%\">\n<figure class=\"wp-block-image size-large\"><img decoding=\"async\" loading=\"lazy\" width=\"1024\" height=\"1024\" src=\"http:\/\/paradiseguapi.com.br\/wp-content\/uploads\/2022\/05\/Prop7-1024x1024.jpeg\" alt=\"\" class=\"wp-image-18\" srcset=\"https:\/\/paradiseguapi.com.br\/wp-content\/uploads\/2022\/05\/Prop7-1024x1024.jpeg 1024w, https:\/\/paradiseguapi.com.br\/wp-content\/uploads\/2022\/05\/Prop7-300x300.jpeg 300w, https:\/\/paradiseguapi.com.br\/wp-content\/uploads\/2022\/05\/Prop7-100x100.jpeg 100w, https:\/\/paradiseguapi.com.br\/wp-content\/uploads\/2022\/05\/Prop7-600x600.jpeg 600w, https:\/\/paradiseguapi.com.br\/wp-content\/uploads\/2022\/05\/Prop7-150x150.jpeg 150w, https:\/\/paradiseguapi.com.br\/wp-content\/uploads\/2022\/05\/Prop7-768x768.jpeg 768w, https:\/\/paradiseguapi.com.br\/wp-content\/uploads\/2022\/05\/Prop7.jpeg 1080w\" sizes=\"(max-width: 1024px) 100vw, 1024px\" \/><\/figure>\n<\/div>\n\n\n\n<div class=\"wp-block-column is-vertically-aligned-center is-layout-flow wp-block-column-is-layout-flow\" style=\"flex-basis:50%\">\n<div style=\"height:20px\" aria-hidden=\"true\" class=\"wp-block-spacer\"><\/div>\n\n\n\n<h2 class=\"has-text-align-left has-neve-text-color-color has-text-color wp-block-heading\">Infraestrutura<\/h2>\n\n\n\n<p class=\"has-text-align-left has-neve-text-color-color has-text-color\" style=\"font-size:17px\">Nossa infraestrutura esta prepara para atender confortavelmente mais de  100 pessoas, com diversas \u00e1reas de lazer para todas as idades.<\/p>\n\n\n\n<div class=\"wp-block-buttons is-horizontal is-content-justification-left is-layout-flex wp-container-9 wp-block-buttons-is-layout-flex\">\n<div class=\"wp-block-button is-style-primary\"><a class=\"wp-block-button__link\" href=\"https:\/\/paradiseguapi.com.br\/web-agency-gb-portfolio-single\/\">VEJA<\/a><\/div>\n<\/div>\n<\/div>\n<\/div>\n\n\n\n<div style=\"height:40px\" aria-hidden=\"true\" class=\"wp-block-spacer\"><\/div>\n<\/div><\/div>\n<\/div><\/div>\n\n\n\n<div class=\"wp-block-cover alignfull\" style=\"min-height:600px\"><span aria-hidden=\"true\" class=\"has-nv-site-bg-background-color has-background-dim-100 wp-block-cover__gradient-background has-background-dim\"><\/span><div class=\"wp-block-cover__inner-container is-layout-flow wp-block-cover-is-layout-flow\">\n<div class=\"wp-block-group is-layout-flow wp-block-group-is-layout-flow\"><div class=\"wp-block-group__inner-container\">\n<div style=\"height:80px\" aria-hidden=\"true\" class=\"wp-block-spacer\"><\/div>\n\n\n\n<div class=\"wp-block-columns are-vertically-aligned-center is-layout-flex wp-container-17 wp-block-columns-is-layout-flex\">\n<div class=\"wp-block-column is-vertically-aligned-center is-layout-flow wp-block-column-is-layout-flow\" style=\"flex-basis:50%\">\n<h2 class=\"has-text-align-left has-neve-text-color-color has-text-color wp-block-heading\">Esporte ao ar livre<\/h2>\n\n\n\n<p class=\"has-text-align-left has-neve-text-color-color has-text-color\" style=\"font-size:17px\">Espa\u00e7os para pr\u00e1tica de esportes ao ar livre, como campo de futebol, quadra de basquete, quadra de voleyball e futsal.<\/p>\n\n\n\n<div class=\"wp-block-buttons is-horizontal is-content-justification-left is-layout-flex wp-container-14 wp-block-buttons-is-layout-flex\">\n<div class=\"wp-block-button is-style-primary\"><a class=\"wp-block-button__link\" href=\"https:\/\/paradiseguapi.com.br\/web-agency-gb-portfolio-single\/\">VEJA<\/a><\/div>\n<\/div>\n\n\n\n<div style=\"height:40px\" aria-hidden=\"true\" class=\"wp-block-spacer\"><\/div>\n<\/div>\n\n\n\n<div class=\"wp-block-column is-vertically-aligned-center is-layout-flow wp-block-column-is-layout-flow\" style=\"flex-basis:50%\">\n<figure class=\"wp-block-image size-large\"><img decoding=\"async\" loading=\"lazy\" width=\"1024\" height=\"768\" src=\"http:\/\/paradiseguapi.com.br\/wp-content\/uploads\/2022\/05\/quadra-1024x768.jpeg\" alt=\"\" class=\"wp-image-367\" srcset=\"https:\/\/paradiseguapi.com.br\/wp-content\/uploads\/2022\/05\/quadra-1024x768.jpeg 1024w, https:\/\/paradiseguapi.com.br\/wp-content\/uploads\/2022\/05\/quadra-300x225.jpeg 300w, https:\/\/paradiseguapi.com.br\/wp-content\/uploads\/2022\/05\/quadra-768x576.jpeg 768w, https:\/\/paradiseguapi.com.br\/wp-content\/uploads\/2022\/05\/quadra-1536x1153.jpeg 1536w, https:\/\/paradiseguapi.com.br\/wp-content\/uploads\/2022\/05\/quadra.jpeg 1599w\" sizes=\"(max-width: 1024px) 100vw, 1024px\" \/><\/figure>\n<\/div>\n<\/div>\n\n\n\n<div style=\"height:40px\" aria-hidden=\"true\" class=\"wp-block-spacer\"><\/div>\n<\/div><\/div>\n<\/div><\/div>\n\n\n\n<div class=\"wp-block-cover alignfull\" style=\"min-height:600px\"><span aria-hidden=\"true\" class=\"has-nv-dark-bg-background-color has-background-dim-100 wp-block-cover__gradient-background has-background-dim\"><\/span><div class=\"wp-block-cover__inner-container is-layout-flow wp-block-cover-is-layout-flow\">\n<div class=\"wp-block-group is-layout-flow wp-block-group-is-layout-flow\"><div class=\"wp-block-group__inner-container\">\n<div style=\"height:80px\" aria-hidden=\"true\" class=\"wp-block-spacer\"><\/div>\n\n\n\n<div class=\"wp-block-columns are-vertically-aligned-center is-layout-flex wp-container-23 wp-block-columns-is-layout-flex\">\n<div class=\"wp-block-column is-vertically-aligned-center is-layout-flow wp-block-column-is-layout-flow\" style=\"flex-basis:50%\">\n<figure class=\"wp-block-image size-large\"><img decoding=\"async\" loading=\"lazy\" width=\"768\" height=\"1024\" src=\"http:\/\/paradiseguapi.com.br\/wp-content\/uploads\/2022\/05\/morro-parapente-768x1024.jpeg\" alt=\"\" class=\"wp-image-366\" srcset=\"https:\/\/paradiseguapi.com.br\/wp-content\/uploads\/2022\/05\/morro-parapente-768x1024.jpeg 768w, https:\/\/paradiseguapi.com.br\/wp-content\/uploads\/2022\/05\/morro-parapente-225x300.jpeg 225w, https:\/\/paradiseguapi.com.br\/wp-content\/uploads\/2022\/05\/morro-parapente-1152x1536.jpeg 1152w, https:\/\/paradiseguapi.com.br\/wp-content\/uploads\/2022\/05\/morro-parapente.jpeg 1200w\" sizes=\"(max-width: 768px) 100vw, 768px\" \/><\/figure>\n<\/div>\n\n\n\n<div class=\"wp-block-column is-vertically-aligned-center is-layout-flow wp-block-column-is-layout-flow\" style=\"flex-basis:50%\">\n<div style=\"height:40px\" aria-hidden=\"true\" class=\"wp-block-spacer\"><\/div>\n\n\n\n<h2 class=\"has-text-align-left has-nv-text-dark-bg-color has-text-color wp-block-heading\">Belas paisagens<\/h2>\n\n\n\n<p class=\"has-text-align-left has-nv-text-dark-bg-color has-text-color\" style=\"font-size:17px\">Observe a natureza e sua fauna, com observa\u00e7\u00e3o de p\u00e1ssaros, animais silvestres, \u00e1rvores frut\u00edferas e flores.<\/p>\n\n\n\n<div class=\"wp-block-buttons is-horizontal is-content-justification-left is-layout-flex wp-container-21 wp-block-buttons-is-layout-flex\">\n<div class=\"wp-block-button is-style-primary\"><a class=\"wp-block-button__link\" href=\"https:\/\/paradiseguapi.com.br\/web-agency-gb-about-us\/\">VEJA<\/a><\/div>\n<\/div>\n<\/div>\n<\/div>\n\n\n\n<div style=\"height:50px\" aria-hidden=\"true\" class=\"wp-block-spacer\"><\/div>\n<\/div><\/div>\n<\/div><\/div>\n\n\n\n<div class=\"wp-block-cover alignfull\" style=\"min-height:600px\"><span aria-hidden=\"true\" class=\"has-nv-site-bg-background-color has-background-dim-100 wp-block-cover__gradient-background has-background-dim\"><\/span><div class=\"wp-block-cover__inner-container is-layout-flow wp-block-cover-is-layout-flow\">\n<div class=\"wp-block-group is-layout-flow wp-block-group-is-layout-flow\"><div class=\"wp-block-group__inner-container\">\n<div style=\"height:80px\" aria-hidden=\"true\" class=\"wp-block-spacer\"><\/div>\n\n\n\n<h2 class=\"has-neve-text-color-color has-text-color wp-block-heading\">Venha nos conhecer<\/h2>\n\n\n\n<div style=\"height:20px\" aria-hidden=\"true\" class=\"wp-block-spacer\"><\/div>\n\n\n\n<div class=\"wp-block-columns are-vertically-aligned-center is-layout-flex wp-container-28 wp-block-columns-is-layout-flex\">\n<div class=\"wp-block-column is-vertically-aligned-center is-layout-flow wp-block-column-is-layout-flow\" style=\"flex-basis:50%\">\n<figure class=\"wp-block-image size-large\"><img decoding=\"async\" loading=\"lazy\" width=\"1024\" height=\"1024\" src=\"http:\/\/paradiseguapi.com.br\/wp-content\/uploads\/2022\/05\/Prop1-1024x1024.jpeg\" alt=\"O que oferecemos\" class=\"wp-image-16\" srcset=\"https:\/\/paradiseguapi.com.br\/wp-content\/uploads\/2022\/05\/Prop1-1024x1024.jpeg 1024w, https:\/\/paradiseguapi.com.br\/wp-content\/uploads\/2022\/05\/Prop1-300x300.jpeg 300w, https:\/\/paradiseguapi.com.br\/wp-content\/uploads\/2022\/05\/Prop1-100x100.jpeg 100w, https:\/\/paradiseguapi.com.br\/wp-content\/uploads\/2022\/05\/Prop1-600x600.jpeg 600w, https:\/\/paradiseguapi.com.br\/wp-content\/uploads\/2022\/05\/Prop1-150x150.jpeg 150w, https:\/\/paradiseguapi.com.br\/wp-content\/uploads\/2022\/05\/Prop1-768x768.jpeg 768w, https:\/\/paradiseguapi.com.br\/wp-content\/uploads\/2022\/05\/Prop1.jpeg 1080w\" sizes=\"(max-width: 1024px) 100vw, 1024px\" \/><\/figure>\n\n\n\n<div style=\"height:40px\" aria-hidden=\"true\" class=\"wp-block-spacer\"><\/div>\n<\/div>\n\n\n\n<div class=\"wp-block-column is-vertically-aligned-center is-layout-flow wp-block-column-is-layout-flow\" style=\"flex-basis:50%\">\n<figure class=\"wp-block-image size-large\"><img decoding=\"async\" loading=\"lazy\" width=\"1024\" height=\"1024\" src=\"http:\/\/paradiseguapi.com.br\/wp-content\/uploads\/2022\/05\/Prop2-1024x1024.jpeg\" alt=\"\" class=\"wp-image-23\" srcset=\"https:\/\/paradiseguapi.com.br\/wp-content\/uploads\/2022\/05\/Prop2-1024x1024.jpeg 1024w, https:\/\/paradiseguapi.com.br\/wp-content\/uploads\/2022\/05\/Prop2-300x300.jpeg 300w, https:\/\/paradiseguapi.com.br\/wp-content\/uploads\/2022\/05\/Prop2-100x100.jpeg 100w, https:\/\/paradiseguapi.com.br\/wp-content\/uploads\/2022\/05\/Prop2-600x600.jpeg 600w, https:\/\/paradiseguapi.com.br\/wp-content\/uploads\/2022\/05\/Prop2-150x150.jpeg 150w, https:\/\/paradiseguapi.com.br\/wp-content\/uploads\/2022\/05\/Prop2-768x768.jpeg 768w, https:\/\/paradiseguapi.com.br\/wp-content\/uploads\/2022\/05\/Prop2.jpeg 1080w\" sizes=\"(max-width: 1024px) 100vw, 1024px\" \/><\/figure>\n\n\n\n<div style=\"height:40px\" aria-hidden=\"true\" class=\"wp-block-spacer\"><\/div>\n<\/div>\n<\/div>\n\n\n\n<div style=\"height:40px\" aria-hidden=\"true\" class=\"wp-block-spacer\"><\/div>\n<\/div><\/div>\n<\/div><\/div>\n\n\n\n<div class=\"wp-block-cover alignfull\" style=\"min-height:420px\"><span aria-hidden=\"true\" class=\"has-nv-light-bg-background-color has-background-dim-100 wp-block-cover__gradient-background has-background-dim\"><\/span><div class=\"wp-block-cover__inner-container is-layout-flow wp-block-cover-is-layout-flow\">\n<div style=\"height:80px\" aria-hidden=\"true\" class=\"wp-block-spacer\"><\/div>\n\n\n\n<div class=\"wp-block-columns is-layout-flex wp-container-31 wp-block-columns-is-layout-flex\"><\/div>\n\n\n\n<div style=\"height:30px\" aria-hidden=\"true\" class=\"wp-block-spacer\"><\/div>\n<\/div><\/div>\n","protected":false},"excerpt":{"rendered":"<p>Planeje o seu Evento Ajudamos a planjear seu evento para que seja um sucesso. Passe um dia agrad\u00e1vel Desfrute de nosso lazer e entreterimento para renovar suas energias. Program\u00e7\u00e3o Especial Participe de nossa programa\u00e7\u00e3o especial de eventos. Use nossa infraestrutura Fa\u00e7a suas reuni\u00f5es, treinamentos e confer\u00eancias utilizando nossa infraestrutura.<\/p>\n","protected":false},"author":1,"featured_media":0,"parent":0,"menu_order":0,"comment_status":"closed","ping_status":"closed","template":"","meta":{"om_disable_all_campaigns":false,"_monsterinsights_skip_tracking":false,"_monsterinsights_sitenote_active":false,"_monsterinsights_sitenote_note":"","_monsterinsights_sitenote_category":0,"neve_meta_sidebar":"default","neve_meta_container":"default","neve_meta_enable_content_width":"on","neve_meta_content_width":100,"neve_meta_title_alignment":"","neve_meta_author_avatar":"","neve_post_elements_order":"","neve_meta_disable_header":"","neve_meta_disable_footer":"","neve_meta_disable_title":"on","_ti_tpc_template_sync":false,"_ti_tpc_template_id":"cwhkd9lki581rusuhjti","footnotes":""},"_links":{"self":[{"href":"https:\/\/paradiseguapi.com.br\/index.php\/wp-json\/wp\/v2\/pages\/308"}],"collection":[{"href":"https:\/\/paradiseguapi.com.br\/index.php\/wp-json\/wp\/v2\/pages"}],"about":[{"href":"https:\/\/paradiseguapi.com.br\/index.php\/wp-json\/wp\/v2\/types\/page"}],"author":[{"embeddable":true,"href":"https:\/\/paradiseguapi.com.br\/index.php\/wp-json\/wp\/v2\/users\/1"}],"replies":[{"embeddable":true,"href":"https:\/\/paradiseguapi.com.br\/index.php\/wp-json\/wp\/v2\/comments?post=308"}],"version-history":[{"count":8,"href":"https:\/\/paradiseguapi.com.br\/index.php\/wp-json\/wp\/v2\/pages\/308\/revisions"}],"predecessor-version":[{"id":394,"href":"https:\/\/paradiseguapi.com.br\/index.php\/wp-json\/wp\/v2\/pages\/308\/revisions\/394"}],"wp:attachment":[{"href":"https:\/\/paradiseguapi.com.br\/index.php\/wp-json\/wp\/v2\/media?parent=308"}],"curies":[{"name":"wp","href":"https:\/\/api.w.org\/{rel}","templated":true}]}}